138 - 129. Is 174/z*(-3 - (-156)/8) prime?
False
Suppose i - 142848 = 5*w, 5*w = 3*i + 2*w - 428532. Is i prime?
False
Let n = -16491 - -61300. Is n a prime number?
True
Let w be -3 - -2899 - 2*4. Suppose 4*v - 8936 = -4*g, -g + w - 654 = -4*v. Is g prime?
False
Let y = 22 + -20. Suppose 2 = -y*x, 3*p - 5*x = -2*p + 38250. Is p a prime number?
True
Let j(f) be the second derivative of -587*f**6/120 + f**5/60 - f**3/6 - 17*f**2/2 - f. Let l(m) be the first derivative of j(m). Is l(-1) a prime number?
True
Let d(m) = -137703*m + 3611. Is d(-4) composite?
True
Suppose -2*w - 17*v + 474514 = -24*v, -5*v = w - 237291. Is w composite?
False
Let p = 185 - -47. Suppose 225*l = p*l - 17717. Is l prime?
True
Let u(a) be the third derivative of -a**6/120 + 17*a**5/60 - 19*a**4/24 + a**3 - a**2 - 17. Let q = -20 + 31. Is u(q) composite?
False
Let u(o) = -6*o + 3. Let q be u(2). Let h = q + 11. Suppose -4*v + 319 = -m + 2*m, 0 = h*m - 4*v - 602. Is m a composite number?
False
Let b(o) = -o**3 - 7*o**2 + 5*o - 19. Let p be b(-8). Suppose -4*q - p*x + 35 = 0, 1 = -q - 0*x + 2*x. Suppose 2*v - q = 153. Is v prime?
True
Let r = 254 + -127. Let i be 18/((-1)/(-14 + -5)). Let v = i + r. Is v a prime number?
False
Is ((-180)/40 - -5)*518198/1 composite?
False
Suppose -59190 - 49289 = -y + 5*u, 0 = -y - 4*u + 108515. Is y prime?
True
Let k(j) = -j**3 - 5*j**2 - 4*j + 4. Let r = -48 + 44. Let w be k(r). Suppose -w*o = -5*o + 887. Is o prime?
True
Let g = -77536 - -236295. Is g composite?
False
Suppose -11*x + 429562 = -86239. Is x composite?
True
Let l = 218294 - 96985. Is l prime?
True
Let u be (-54)/(-10) + 8/5 + -2. Suppose 0 = 10*y - 9*y + s - 1361, -u*s - 2722 = -2*y. Is y a prime number?
True
Let h(o) = 3*o**3 + 37*o**2 + 304*o + 3. Is h(43) a prime number?
True
Suppose -4*g = 2*g + 2*g. Suppose 5*o - o = -4*s + 1320, g = -o - 1. Is s a composite number?
False
Let b be (-510)/34 + (-6)/(-2). Let o(f) be the third derivative of -35*f**4/8 + 43*f**3/6 + f**2. Is o(b) a prime number?
True
Let m be 22*(-6 - -2*2/2). Is m/(-66)*(-43698)/(-8) composite?
False
Suppose 7 = -3*b + 19, 2*l + 4*b - 2474 = 0. Let s = 888 + l. Is s prime?
False
Let i(m) = 2*m**2 - 9*m - 2. Let k be i(3). Let q(p) = -p**3 + 4*p**2 + 2*p - 16. Is q(k) a composite number?
False
Suppose 0*a - 6071 = -4*a - 5*r, 6106 = 4*a - 2*r. Let y = 2641 - a. Suppose 164 + y = 3*j. Is j a composite number?
True
Let t be 2/32*218 + 12/32. Is 10920/t + -2 + 0 composite?
True
Suppose 0 = 2*s + 99 - 179. Suppose s*m + 2*q + 2660 = 44*m, m - 5*q - 647 = 0. Is m composite?
True
Let n = -405 - -430. Suppose n*g - 66049 = 12976. Is g a prime number?
False
Suppose -7*m + 20 = -15. Suppose -m*z + 5*j - 11 = -1, 5*j - 10 = -z. Suppose z*v + 3*v - 6663 = 0. Is v composite?
False
Let p(k) = 37*k**2 - 9*k. Let t be p(5). Suppose 7*l = 975 + t. Suppose -l = 69*c - 74*c. Is c a prime number?
True
Suppose -3*a - 4*c = -32, 3 = -2*a + 4*c - 9. Suppose -1148 = -a*p + 964. Suppose 0 = -3*i - f + p, 3*f = i - 0*f - 186. Is i a prime number?
False
Suppose 10*u + 6*u + 20544 = 0. Let d = -8625 - u. Is d*((-5)/15 - 0) composite?
False
Suppose -123*f + 907979 + 15806860 = 0. Is f a composite number?
False
Suppose -l - 4*u = -3692, -5*l + 9827 = -4*u - 8537. Suppose 3*h - h - l = 0. Is h a composite number?
True
Suppose 123699 = -4*d + 4*k + 40903, d + 2*k + 20702 = 0. Is d/(-24) + (-1)/2 a composite number?
True
Let k be (-2)/(-12) - 3*(-51)/54. Suppose 4*g = k*f - g - 2849, -2*f - 3*g = -1874. Is f a composite number?
True
Suppose 3460 = 11*k - 15*k. Let q = -318 - k. Let z = 966 - q. Is z a prime number?
True
Let w = 8694 + -2815. Is w prime?
True
Is ((-22920884)/(-6))/7*(4 + (-5)/2) prime?
True
Let i be (1 - (805 + 3))*16/(-6). Let z = i + -1411. Let u = -154 + z. Is u a composite number?
False
Suppose 0 = d + 3*m + 8928, -m = -3*m - 8. Let f = -5413 - d. Is f prime?
False
Suppose 8357788 = -19*q - 16*q + 27705333. Is q a composite number?
False
Let h(j) be the second derivative of -3*j**3/2 - 47*j**2/2 - 13*j. Let q be h(19). Is (q/(-6)*-1)/((-2)/6) a prime number?
True
Suppose -2*l = -4*c + 1756668 + 20342, 2*c = 6*l + 888500. Is c a composite number?
False
Let g(x) = 6558*x**2 + 59*x + 3. Is g(4) a prime number?
True
Let u(l) = -93*l**2 + 11*l + 63. Let i be u(13). Let q = -7068 - i. Is q a prime number?
True
Let m(x) be the second derivative of -62*x**3 - 109*x**2/2 - x + 8. Is m(-24) composite?
False
Suppose 187*y = 175*y + 1626396. Is y composite?
False
Let x(p) = -3*p**2 - 67*p - 16. Let c be x(-22). Suppose -c*o = 4*o. Suppose o = 3*a + 10*a - 32019. Is a composite?
True
Is ((-8)/(144/(-27)))/(6*4/4448464) a composite number?
False
Suppose -17*f + 3*r - 182952 = -20*f, 2*f = -r + 121969. Is f a composite number?
True
Let f(n) = n**2 + n - 6. Let h(l) = -4*l**2 - l + 2. Let m be h(1). Let u be f(m). Is (-852)/(-4) - (-2 + 1) - u a composite number?
True
Let i(v) = 17*v**2 - 2 - 6 + 3*v - 5. Is i(-10) a composite number?
False
Let v = 921831 + -586970. Is v a composite number?
False
Let f be 2 + 22*(-1)/(-2). Let c(m) be the third derivative of m**6/120 - 7*m**5/30 + 2*m**4/3 + 2*m**3 - 33*m**2. Is c(f) prime?
False
Suppose -4*x + 20 = 0, -4*g + x = 3 - 10. Let w be (750/(-7))/(209/70 + -3). Suppose f + w = 5*u + 4*f, g*u - 4*f - 4471 = 0. Is u a prime number?
False
Let n(j) = 52*j + 21*j + 52 - 53. Let b be n(4). Suppose -x + 152 = -b. Is x composite?
False
Suppose -6 = -8*o + 5*o. Let g be -28*((-10357)/60 - 106/795). Suppose -5*z = o*z - g. Is z composite?
False
Let n(c) = c**3 - c**2 + 3*c - 20. Let g be n(0). Let q = g + 73. Is q prime?
True
Suppose 5*l - l + 11*l - 1823865 = 0. Is l composite?
False
Let i(p) be the second derivative of 1273*p**3/6 - 11*p**2 + 43*p. Is i(3) a prime number?
True
Let c(a) = a**2 + 4*a - 48. Let q be c(-39). Let h = q - -212. Is h prime?
False
Let y(l) = l**3 + 7*l**2 + 17*l + 42. Let a be y(-5). Let h(q) = 5*q**3 + 6*q**2 + 12*q + 8. Is h(a) a prime number?
False
Let p = 100 + -56. Let a = p - 19. Is (-5)/a + (-82184)/(-20) a composite number?
True
Suppose 162*q = 10960144 - 4061050. Is q a composite number?
True
Suppose -f - 2 = 0, 90*v + 419809 = 91*v - f. Is v prime?
False
Suppose -32*r = -12*r - 217400. Suppose 0 = -344*o + 339*o + r. Is o a prime number?
False
Let o = 200842 + -72015. Is o a composite number?
True
Let a(u) = -12*u**2 + 63*u + 57. Let h be a(6). Let g(f) = 5*f - 1. Let d be g(1). Suppose 2261 = x - h*r, -3*x - x + d*r + 9004 = 0. Is x prime?
False
Let c(f) = -3946*f + 7. Let v be c(2). Let t = -2846 - v. Is t a prime number?
True
Suppose 5*r + 11*d - 10*d + 65 = 0, -2*d = -4*r - 66. Let v(i) = -808*i - 1. Is v(r) composite?
False
Let h = 26 - -17. Let m(z) = -h + 8 - 60*z - 4*z. Is m(-13) a prime number?
True
Let o(g) = -2*g**2 - 8*g - 1. Let q be o(-13). Let k be (-2)/(-5) - (-1)/((-15)/(-714)). Is 4 - (3 - (q*k)/(-3)) a prime number?
True
Let k = -305 - -295. Let s(a) = 9*a**2 + 10*a - 3. Is s(k) a prime number?
True
Let k(n) be the first derivative of 901*n**2 + 81*n - 58. Is k(7) a composite number?
True
Let i(v) = 902*v - 1031. Is i(14) composite?
False
Suppose 59 + 43 = -34*k. Is 2/k + 1222739/111 composite?
True
Suppose -184*c + 180*c = 0. Suppose c = 4*r - 1919 - 605. Is r composite?
False
Let m be 27/18 - (-6822)/(-4). Let n = m + 2988. Suppose 0 = -4*l + n + 1544. Is l a prime number?
False
Let n = -3817 - -11822. Is n composite?
True
Let v(c) = -75*c**3 - 10*c**2 - 22*c + 61. Is v(-6) composite?
False
Let l(x) = -15*x**3 - 10*x**2 - 10*x - 4. Is l(-7) prime?
True
Let m(r) = -r**3 - 34*r**2 - 73*r + 5. Let y be -10*6/(-45)*-6*4. Is m(y) a composite number?
False
Suppose 138*a = 139*a - 7. Suppose 53096 = a*b + b. Is b a composite number?
False
Suppose 3*t - 6108 = -5*z, -4*t - 2460 = -4*z + 2420. Suppose -1226*k = -z*k - 234775. Is k composite?
True
Is (-22)/66*(-32061 + 0) a composite number?
False
Let y = 142442 - 76185. Is y a prime number?
False
Suppose 2*g = 3*f + 108101 + 106952, 4*g - 430091 = 3*f. Is g a prime number?
False
Let x be ((-9)/3 - -2)/((-9)/410139). Suppose -15*f - x + 187036 = 0. Is f a prime number?
True
Let s = -34 - -37. Suppose 0 = 4*p - 4*d - 12112, -4*p + 2*d = -2328 - 9794. Suppose 0*f + s*f - p = 0. Is f a composite numb